 What is the highest common divisor of k and z?
6
Let m be (-2280)/(-52) + 6/39. Suppose -5*j + 21 + m = 0. Let a = 1 + j. Calculate the greatest common divisor of 42 and a.
14
Suppose 0 = -5*s - 2*l + 8, -s - l - 1 = 2*l. Suppose -s*p + 3*g + 50 = 0, 2*p + 4*g + 0 = 22. What is the greatest common divisor of p and 57?
19
Let u(s) = -3*s**3 - 12 - 8 + 12*s**2 + 4*s**3 - 18*s + 1. Let m be u(-14). Let y = -84 - m. What is the greatest common divisor of y and 25?
25
Let h(s) = 2*s + 74. Let j be h(-28). Calculate the highest common divisor of 90 and j.
18
Let q = 191 + -165. What is the greatest common factor of q and 221?
13
Let k(p) = 5*p**2 + 18*p + 3. Let c be k(-4). Calculate the greatest common divisor of c and 33.
11
Let p be (5/(-2))/(3/(-108)). Let j be (p/3)/((-6)/(-28)). Suppose -3*g - 70 = -8*g. What is the greatest common factor of g and j?
14
Let d(q) = q**2 + q + 46. Let m be d(-16). Let n = 1 - -81. Suppose 4*s - n = 22. What is the greatest common factor of m and s?
26
Let l = -55 + 120. Suppose 117*c + 35 = 120*c - 2*m, 2*c - 28 = -m. Calculate the highest common divisor of c and l.
13
Suppose 0 = -20*l + 26*l - 360. What is the greatest common divisor of l and 75?
15
Suppose 8*o = 10*o - 6. Let h(b) = -b**3 + 8*b**2 + 23*b - 15. Let z be h(10). Calculate the highest common divisor of z and o.
3
Let b be 55/(-6)*(41 + -47). Calculate the highest common divisor of 11 and b.
11
Let m(r) = 2*r**3 + 4*r**2 - 2*r. Let q be m(3). Let b(s) = 0 + 2*s**2 + 4*s + 7 + 5. Let o be b(-4). What is the highest common divisor of o and q?
28
Let s(p) = -p - 6. Suppose 5*k = v + 16, -8 = v - 0*v + 3*k. Let w be s(v). Calculate the greatest common divisor of 5 and w.
5
Let z = 4 - 2. Suppose k = p - 2*p + 1, 0 = -z*k. Let h(f) = 3*f + 30. Let n be h(-9). What is the highest common factor of p and n?
1
Let m = -2182 - -2193. Calculate the highest common divisor of m and 1397.
11
Let s = -76 + 79. Let r(t) = -6*t**3 + 1. Let g be r(1). Let i = s - g. Calculate the highest common factor of i and 4.
4
Suppose 3*h = 5*w - 59, 0*w - 52 = -4*w + 4*h. Let l = -36 + 28. Let p be (-1)/4*-1 - 78/l. What is the highest common factor of w and p?
10
Let r(l) = 13 - 5*l + 3*l + 15. Let x be r(11). Let h = -23 + 59. What is the greatest common divisor of h and x?
6
Let y be 17352/180 - (-4 - (-22)/5). Let i = 12 + 0. Calculate the greatest common divisor of y and i.
12
Suppose 11 = 3*f - 4. Suppose f*g = 7 + 3, 0 = -5*p - 3*g + 186. Calculate the greatest common factor of 18 and p.
18
Suppose 18 = 2*m - m. Let b = m - -8. Let o be (-4 + 9/2)*b. What is the highest common factor of o and 26?
13
Let f be 724 + -2 + -16 + 19. What is the highest common factor of f and 29?
29
Suppose l - 6 = -2*l. Let t = 24 + -18. Suppose 54 = l*g - t. What is the highest common factor of 10 and g?
10
Let g = 77 - 75. Suppose 3*i - g*i = x + 28, 28 = i + 5*x. Calculate the greatest common factor of i and 70.
14
Suppose -4*h + 13 + 35 = 0. Suppose 6*u - h = 5*u. Calculate the highest common factor of u and 96.
12
Let b(f) = f**3 + 15*f**2 + 19*f + 28. Let s be b(-13). Let k be 1717/s + (-8)/(-14) - 0. What is the greatest common factor of 165 and k?
15
Let b = -228 - -303. Calculate the greatest common divisor of 15 and b.
15
Suppose -8*u - 6*u = -168. Suppose -128 = -5*v + 2*q, -3*v - 3*q = -2*v - u. What is the greatest common factor of v and 36?
12
Let s = 5 - 2. Let p(d) be the third derivative of d**5/30 + 5*d**4/24 - 4*d**3/3 - 17*d**2. Let x be p(s). What is the highest common factor of 10 and x?
5
Let r(s) = 40*s + 160. Let x be r(3). Calculate the highest common factor of x and 200.
40
Suppose -14*u - 5 = -19*u. Calculate the greatest common divisor of u and 128.
1
Let s = -2030 - -2036. Let u be (-208)/(-5) + (-4)/(-10). Calculate the greatest common factor of s and u.
6
Let z = 628 - 363. Calculate the greatest common divisor of 583 and z.
53
Let z(q) = -q - 17. Let j be z(0). Let b = 33 + j. What is the greatest common factor of b and 176?
16
Suppose 5*i = 4*v + 640, -26 = -i + v + 103. Let w be (-4 + 6)/(2/i). Calculate the greatest common factor of w and 31.
31
Let b be (24/(-7))/((-6)/42*1). Let f be (-102)/(-9) - (-16)/b. Let g = 4 + 2. Calculate the highest common factor of g and f.
6
Suppose 4*k + 4*q - 6 = 2*q, 12 = -2*k - 4*q. Let t(d) = d - 3. Let f be t(5). Let v be f/4*(36 + k). Calculate the greatest common factor of v and 8.
4
Suppose 8*w - 120 = 1224. What is the highest common divisor of w and 42?
42
Suppose 0 = 3*h - 0*h - 12. Suppose -2*u = -2*d - h*u + 132, -3*d + 194 = 4*u. Calculate the highest common divisor of 14 and d.
14
Let c(u) be the second derivative of 6*u + 0 + 65/6*u**3 - 1/2*u**2. Let b be c(1). What is the highest common factor of 32 and b?
32
Let k = 29 + -17. What is the highest common factor of 15 and k?
3
Let z(r) = r**3 + 9*r**2 - r - 12. Let k be z(-9). Let w be 15 + (k + -13)/4. What is the greatest common divisor of 44 and w?
11
Suppose 10*n - 70 = 5*n. Suppose y = 4*o + n + 38, -y = 4*o - 28. What is the greatest common factor of 8 and y?
8
Let m be 3/(-4) + (-429)/4. Let h = m + 183. Let c be (7 + (-2 - 2))*5. Calculate the greatest common divisor of h and c.
15
Let u = -40 + 58. Let a = 2835 - 2833. What is the greatest common divisor of a and u?
2
Let p be 1 + -11*(-1 + -3). Let n = 165 - p. What is the highest common factor of n and 15?
15
Let u be 19/((-76)/(-80)) - 8. What is the highest common divisor of 132 and u?
12
Suppose 6*o = 2*o + 388. Let m = o + -45. What is the highest common factor of m and 13?
13
Let i = 1100 - 1013. Calculate the greatest common factor of 232 and i.
29
Let k = -10 - -125. Suppose 0 = 2*p - 18 - 28. Calculate the greatest common divisor of k and p.
23
Suppose -40421 + 7461 = -32*q. What is the greatest common divisor of 103 and q?
103
Let s(d) = -2*d**3 + 15*d**2 - 15*d + 7. Let b be s(6). What is the greatest common divisor of b and 2?
1
Suppose 0 = 3*u - 2*f - 267, 3*u - 2*f - 267 = 2*f. What is the highest common factor of u and 623?
89
Suppose -3 + 1 = -g. Suppose -58 = -g*o + 4*q, 5*q + 19 = -2*o + 59. Calculate the highest common factor of 200 and o.
25
Suppose 0 = -32*c + 8979 + 5581. Calculate the highest common divisor of c and 195.
65
Let t = -15 + 19. Suppose -c - 5*g + 9 = 0, 3*g - 11 = -c + t. Calculate the greatest common factor of 168 and c.
24
Let o = -19 + 20. Let k be 10/(o*2/4). Suppose -s = y + 3*y - k, -5 = -y + s. Calculate the greatest common factor of y and 55.
5
Let n = 328 - 324. Suppose -r = -4*r + 33. Suppose -h + 2*h - r = 2*y, 0 = -3*h - 5*y - 22. Calculate the highest common divisor of h and n.
1
Suppose -5*g + 52 = -48. Suppose 2*h + g = 2*x, 4 + 6 = 2*x. Let s = h - -11. What is the highest common factor of s and 30?
6
Let w = -86 + 46. Let q = -10 + 2. Let c be 10/w - 178/q. What is the greatest common factor of 44 and c?
22
Let t be 7 + (-2 - (2 - -1)). Suppose -8*z + 8 = -7*z. Calculate the greatest common divisor of z and t.
2
Let o(x) = x**2 - x + 32. Let p be o(-5). Calculate the highest common factor of 62 and p.
62
Suppose 1040 = 3*d - 5*s, 5*s - 664 = -2*d + s. What is the greatest common divisor of d and 17?
17
Let r be (316/36 - -3) + 2/9. Let x = -223 - -379. Calculate the highest common factor of x and r.
12
Let c(k) = 2*k**3 + 26*k**2 - 3*k. Let z be c(-13). What is the greatest common divisor of 39 and z?
39
Let w(h) = -14*h + 2. Let m(p) = -15*p + 2. Let t(d) = -3*m(d) + 4*w(d). Let n be t(-2). Let l = -16447 - -16483. What is the greatest common factor of n and l?
12
Let i be 145/(-174) + 377/6. What is the greatest common divisor of i and 2?
2
Let w(r) = r**2 - 5*r. Let x be w(7). Suppose 2*i = -5*n - x, i - 4*n = n + 23. Suppose -i*g + 12 = -g. Calculate the greatest common divisor of 4 and g.
2
Suppose 2*z + t - 95 + 60 = 0, -28 = -z + 3*t. Suppose 0 = 3*p - 2*p - 5. Let j = 24 - p. What is the highest common divisor of j and z?
19
Let v(f) = -2*f + 27. Let l be v(17). Let g(j) = -j - 8. Let c be g(l). Let h be (c - 0)/(16/(-512)). Calculate the greatest common divisor of h and 32.
32
Suppose 26*i = 21*i + 25. Let q be -2*(0 + 1/(-1)). Suppose 0*c - q*z - 67 = -i*c, 2*c - 3*z - 29 = 0. Calculate the greatest common divisor of 78 and c.
1